{"id":3847,"date":"2024-04-05T22:03:15","date_gmt":"2024-04-05T22:03:15","guid":{"rendered":"https:\/\/mueblesitalianos.com\/site\/?post_type=product&#038;p=3847"},"modified":"2024-04-05T22:03:15","modified_gmt":"2024-04-05T22:03:15","slug":"buitaca-modular","status":"publish","type":"product","link":"https:\/\/mueblesitalianos.com\/site\/producto\/buitaca-modular\/","title":{"rendered":"BUITACA MODULAR"},"content":{"rendered":"<p>BUITACA MODULAR, PIXEL, TELA DE LINO BEIGE<\/p>\n<p>Fruto de la creatividad de Sergio Bicego, el sof\u00e1 Pixel se caracteriza por una serie de elementos que se combinan libremente entre ellos, aprovechando de un acoplamiento exclusivo creado por Saba Italia.<br \/>\nEs posible separar los brazos y los respaldos de las bases para crear nuevas composiciones en absoluta libertad. Los asientos de pluma se distinguen por la particular costura pespunteada, que pone en evidencia las infinitas posibilidades de combinaci\u00f3n de las telas de la colecci\u00f3n Saba para crear cada vez un sof\u00e1 exclusivo y personalizado. Gracias a la forma particular de los respaldos y de los brazos, la anchura y la profundidad del sof\u00e1 resultan siempre muy reducidas sin penalizar el aspecto est\u00e9tico. El sof\u00e1 Pixel ha sido dise\u00f1ado con gran precisi\u00f3n respetando los criterios de ergonom\u00eda para lograr el m\u00e1ximo confort de un producto muy refinado desde el punto de vista estil\u00edstico. Completamente desenfundable.<\/p>\n","protected":false},"excerpt":{"rendered":"<p>BUITACA MODULAR, PIXEL, TELA DE LINO BEIGE<\/p>\n<p>Fruto de la creatividad de Sergio Bicego, el sof\u00e1 Pixel se caracteriza por una serie de elementos que se combinan libremente entre ellos, aprovechando de un acoplamiento exclusivo creado por Saba Italia.<\/p>\n","protected":false},"featured_media":3848,"template":"","meta":{"_joinchat":[]},"product_cat":[19],"product_tag":[],"class_list":{"0":"post-3847","1":"product","2":"type-product","3":"status-publish","4":"has-post-thumbnail","6":"product_cat-saba-collection","8":"first","9":"instock","10":"shipping-taxable","11":"purchasable","12":"product-type-simple"},"aioseo_notices":[],"_links":{"self":[{"href":"https:\/\/mueblesitalianos.com\/site\/wp-json\/wp\/v2\/product\/3847","targetHints":{"allow":["GET"]}}],"collection":[{"href":"https:\/\/mueblesitalianos.com\/site\/wp-json\/wp\/v2\/product"}],"about":[{"href":"https:\/\/mueblesitalianos.com\/site\/wp-json\/wp\/v2\/types\/product"}],"wp:featuredmedia":[{"embeddable":true,"href":"https:\/\/mueblesitalianos.com\/site\/wp-json\/wp\/v2\/media\/3848"}],"wp:attachment":[{"href":"https:\/\/mueblesitalianos.com\/site\/wp-json\/wp\/v2\/media?parent=3847"}],"wp:term":[{"taxonomy":"product_cat","embeddable":true,"href":"https:\/\/mueblesitalianos.com\/site\/wp-json\/wp\/v2\/product_cat?post=3847"},{"taxonomy":"product_tag","embeddable":true,"href":"https:\/\/mueblesitalianos.com\/site\/wp-json\/wp\/v2\/product_tag?post=3847"}],"curies":[{"name":"wp","href":"https:\/\/api.w.org\/{rel}","templated":true}]}}