{"id":3875,"date":"2024-04-08T19:59:00","date_gmt":"2024-04-08T19:59:00","guid":{"rendered":"https:\/\/mueblesitalianos.com\/site\/?post_type=product&#038;p=3875"},"modified":"2024-04-08T20:00:50","modified_gmt":"2024-04-08T20:00:50","slug":"mesita-de-centro-arena-long","status":"publish","type":"product","link":"https:\/\/mueblesitalianos.com\/site\/producto\/mesita-de-centro-arena-long\/","title":{"rendered":"MESITA DE CENTRO ARENA LONG"},"content":{"rendered":"<p>MESITA ARENA LONG 168*145*37H BASE NEGRO SATINADO GFM73. SOBRE BRONCE CEPILLADO.<br \/>\nSOBRE CRISTAL FUM\u00c8 BISELADO<br \/>\nLa l\u00ednea de mesitas para sala de estar de dise\u00f1o Arena decora una sala de estar moderna y elegante, poniendo en relieve el refinado acabado Brushed realizado a mano. Experimentados artesanos realizan delicadas e imperceptibles rayas, creando un patr\u00f3n con trama y textura.<br \/>\nEl dise\u00f1ador Yasuhiro Shito ha pensado en todos los detalles para un resultado de gran impacto est\u00e9tico que no descuida la funcionalidad de un sobre de apoyo espacioso. Arena se propone en dos variantes, adem\u00e1s de la versi\u00f3n est\u00e1ndar, que dan ritmo y volumen a una sala de estar de dise\u00f1o. Arena Bond y Arena Double Bond acompa\u00f1an al sobre principal, con una y dos mesitas redondas de vidrio fum\u00e8 giratorias, respectivamente. Esta mesita moderna se ofrece en 3 modelos, para un total de 6 variantes. Arena es un modelo redondo que puede completarse con una o dos mesitas redondas de vidrio giratorias, que se colocan junto al sobre principal: Arena Bond y Arena Double Bond.<br \/>\nEl modelo alargado, en cambio, es Arena Long, disponible tambi\u00e9n en la versi\u00f3n Arena Long Bond. La columna de la mesita de vidrio Bond est\u00e1 laqueada con el mismo acabado realizado a mano del sobre principal Arena.<\/p>\n","protected":false},"excerpt":{"rendered":"<p>MESITA ARENA LONG 168*145*37H BASE NEGRO SATINADO GFM73. SOBRE BRONCE CEPILLADO. SOBRE CRISTAL FUM\u00c8 BISELADO<br \/>\nLa l\u00ednea de mesitas para sala de estar de dise\u00f1o Arena decora una sala de estar moderna y elegante, poniendo en relieve el refinado acabado Brushed realizado a mano. Experimentados artesanos realizan delicadas e imperceptibles rayas, creando un patr\u00f3n con trama y textura.<\/p>\n","protected":false},"featured_media":3878,"template":"","meta":{"_joinchat":[]},"product_cat":[21],"product_tag":[],"class_list":{"0":"post-3875","1":"product","2":"type-product","3":"status-publish","4":"has-post-thumbnail","6":"product_cat-cattelan-italia-collection","8":"first","9":"instock","10":"shipping-taxable","11":"purchasable","12":"product-type-simple"},"aioseo_notices":[],"_links":{"self":[{"href":"https:\/\/mueblesitalianos.com\/site\/wp-json\/wp\/v2\/product\/3875","targetHints":{"allow":["GET"]}}],"collection":[{"href":"https:\/\/mueblesitalianos.com\/site\/wp-json\/wp\/v2\/product"}],"about":[{"href":"https:\/\/mueblesitalianos.com\/site\/wp-json\/wp\/v2\/types\/product"}],"wp:featuredmedia":[{"embeddable":true,"href":"https:\/\/mueblesitalianos.com\/site\/wp-json\/wp\/v2\/media\/3878"}],"wp:attachment":[{"href":"https:\/\/mueblesitalianos.com\/site\/wp-json\/wp\/v2\/media?parent=3875"}],"wp:term":[{"taxonomy":"product_cat","embeddable":true,"href":"https:\/\/mueblesitalianos.com\/site\/wp-json\/wp\/v2\/product_cat?post=3875"},{"taxonomy":"product_tag","embeddable":true,"href":"https:\/\/mueblesitalianos.com\/site\/wp-json\/wp\/v2\/product_tag?post=3875"}],"curies":[{"name":"wp","href":"https:\/\/api.w.org\/{rel}","templated":true}]}}