{"id":3884,"date":"2024-04-08T22:19:44","date_gmt":"2024-04-08T22:19:44","guid":{"rendered":"https:\/\/mueblesitalianos.com\/site\/?post_type=product&#038;p=3884"},"modified":"2024-04-08T22:21:38","modified_gmt":"2024-04-08T22:21:38","slug":"aparador-chelsea","status":"publish","type":"product","link":"https:\/\/mueblesitalianos.com\/site\/producto\/aparador-chelsea\/","title":{"rendered":"APARADOR CHELSEA"},"content":{"rendered":"<p>APARADOR CHELSEA, 248*46*75H, ESTRUCTURA TITANIO SATINADO. SOBRE BRONCE REFLEJADO.<br \/>\nEscultural y geom\u00e9trica, Chelsea es un aparador moderno de dise\u00f1o, que logra integrarse con armon\u00eda en la sala de estar, tanto en proyectos residenciales como en trabajos de dise\u00f1o de interiores. Este aparador minimalista de esp\u00edritu ecl\u00e9ctico es rico en distinguidos detalles y exclusivos acabados, como la encimera de cristal. Chelsea contiene bellos estantes internos de cristal transparente, perfectos para colocar los objetos m\u00e1s preciados.<\/p>\n","protected":false},"excerpt":{"rendered":"<p>APARADOR CHELSEA, 248*46*75H, ESTRUCTURA TITANIO SATINADO. SOBRE BRONCE REFLEJADO.<br \/>\nEscultural y geom\u00e9trica, Chelsea es un aparador moderno de dise\u00f1o, que logra integrarse con armon\u00eda en la sala de estar, tanto en proyectos residenciales como en trabajos de dise\u00f1o de interiores.<\/p>\n","protected":false},"featured_media":3885,"template":"","meta":{"_joinchat":[]},"product_cat":[21],"product_tag":[],"class_list":{"0":"post-3884","1":"product","2":"type-product","3":"status-publish","4":"has-post-thumbnail","6":"product_cat-cattelan-italia-collection","8":"first","9":"instock","10":"shipping-taxable","11":"purchasable","12":"product-type-simple"},"aioseo_notices":[],"_links":{"self":[{"href":"https:\/\/mueblesitalianos.com\/site\/wp-json\/wp\/v2\/product\/3884","targetHints":{"allow":["GET"]}}],"collection":[{"href":"https:\/\/mueblesitalianos.com\/site\/wp-json\/wp\/v2\/product"}],"about":[{"href":"https:\/\/mueblesitalianos.com\/site\/wp-json\/wp\/v2\/types\/product"}],"wp:featuredmedia":[{"embeddable":true,"href":"https:\/\/mueblesitalianos.com\/site\/wp-json\/wp\/v2\/media\/3885"}],"wp:attachment":[{"href":"https:\/\/mueblesitalianos.com\/site\/wp-json\/wp\/v2\/media?parent=3884"}],"wp:term":[{"taxonomy":"product_cat","embeddable":true,"href":"https:\/\/mueblesitalianos.com\/site\/wp-json\/wp\/v2\/product_cat?post=3884"},{"taxonomy":"product_tag","embeddable":true,"href":"https:\/\/mueblesitalianos.com\/site\/wp-json\/wp\/v2\/product_tag?post=3884"}],"curies":[{"name":"wp","href":"https:\/\/api.w.org\/{rel}","templated":true}]}}