{"id":3905,"date":"2024-04-09T19:17:04","date_gmt":"2024-04-09T19:17:04","guid":{"rendered":"https:\/\/mueblesitalianos.com\/site\/?post_type=product&#038;p=3905"},"modified":"2024-06-19T17:48:36","modified_gmt":"2024-06-19T17:48:36","slug":"butaca-ruff-armchair","status":"publish","type":"product","link":"https:\/\/mueblesitalianos.com\/site\/producto\/butaca-ruff-armchair\/","title":{"rendered":"Butaca Ruff armchair"},"content":{"rendered":"<p>Un objeto que habita el espacio en el que se encuentra.<br \/>\nRuff, el sill\u00f3n \u201chermano\u201d de Getlucky , est\u00e1 dise\u00f1ado por Patricia Urquiola para el sector contract y hostelero, y de hecho para cualquier espacio habitable, ya que ofrece el foro ideal para conversar.<br \/>\nLos amplios reposabrazos se encuentran a los lados del asiento y lo envuelven firmemente, aunque tienen una sola articulaci\u00f3n.<\/p>\n<p>El resultado es la combinaci\u00f3n armoniosa entre l\u00edneas curvas y rectas: una geometr\u00eda simple que crea una interacci\u00f3n arquitect\u00f3nica con el espacio circundante. El sill\u00f3n Ruff tiene una forma funcional, sin renunciar a su personalidad por ser un objeto que habita el espacio en el que se ubica.<\/p>\n","protected":false},"excerpt":{"rendered":"<p>Un objeto que habita el espacio en el que se encuentra.<br \/>\nRuff, el sill\u00f3n \u201chermano\u201d de Getlucky , est\u00e1 dise\u00f1ado por Patricia Urquiola para el sector contract y hostelero, y de hecho para cualquier espacio habitable, ya que ofrece el foro ideal para conversar.<\/p>\n","protected":false},"featured_media":3909,"template":"","meta":{"_joinchat":[]},"product_cat":[99],"product_tag":[],"class_list":{"0":"post-3905","1":"product","2":"type-product","3":"status-publish","4":"has-post-thumbnail","6":"product_cat-moroso","8":"first","9":"instock","10":"shipping-taxable","11":"purchasable","12":"product-type-simple"},"aioseo_notices":[],"_links":{"self":[{"href":"https:\/\/mueblesitalianos.com\/site\/wp-json\/wp\/v2\/product\/3905","targetHints":{"allow":["GET"]}}],"collection":[{"href":"https:\/\/mueblesitalianos.com\/site\/wp-json\/wp\/v2\/product"}],"about":[{"href":"https:\/\/mueblesitalianos.com\/site\/wp-json\/wp\/v2\/types\/product"}],"wp:featuredmedia":[{"embeddable":true,"href":"https:\/\/mueblesitalianos.com\/site\/wp-json\/wp\/v2\/media\/3909"}],"wp:attachment":[{"href":"https:\/\/mueblesitalianos.com\/site\/wp-json\/wp\/v2\/media?parent=3905"}],"wp:term":[{"taxonomy":"product_cat","embeddable":true,"href":"https:\/\/mueblesitalianos.com\/site\/wp-json\/wp\/v2\/product_cat?post=3905"},{"taxonomy":"product_tag","embeddable":true,"href":"https:\/\/mueblesitalianos.com\/site\/wp-json\/wp\/v2\/product_tag?post=3905"}],"curies":[{"name":"wp","href":"https:\/\/api.w.org\/{rel}","templated":true}]}}