{"id":3976,"date":"2024-04-10T18:48:56","date_gmt":"2024-04-10T18:48:56","guid":{"rendered":"https:\/\/mueblesitalianos.com\/site\/?post_type=product&#038;p=3976"},"modified":"2024-04-10T18:49:38","modified_gmt":"2024-04-10T18:49:38","slug":"espejo-emerald-magnum","status":"publish","type":"product","link":"https:\/\/mueblesitalianos.com\/site\/producto\/espejo-emerald-magnum\/","title":{"rendered":"ESPEJO EMERALD MAGNUM"},"content":{"rendered":"<p><b>Emerald<\/b>\u00a0es una familia de\u00a0<strong>espejos de dise\u00f1o<\/strong>\u00a0con marco totalmente espejado. Su forma angular y su marco tridimensional recuerdan a una piedra preciosa y, como tal, refleja el entorno circundante en varios \u00e1ngulos. El\u00a0<strong>espejo de pared moderno<\/strong>\u00a0Emerald tiene unas dimensiones considerables y est\u00e1 dise\u00f1ado para decorar una pared, ampliando la habitaci\u00f3n al mismo tiempo Emerald est\u00e1 disponible en forma circular o rectangular y en la versi\u00f3n\u00a0<b>Emerald Magnum<\/b>\u00a0alcanza los 2 metros de di\u00e1metro. El espejo tambi\u00e9n est\u00e1 disponible de vidrio fum\u00e8 para darle a la habitaci\u00f3n un efecto m\u00e1s \u00edntimo y sofisticado.<\/p>\n","protected":false},"excerpt":{"rendered":"<p><b>Emerald<\/b>\u00a0es una familia de\u00a0<strong>espejos de dise\u00f1o<\/strong> con marco totalmente espejado. Su forma angular y su marco tridimensional recuerdan a una piedra preciosa y, como tal, refleja el entorno circundante en varios \u00e1ngulos.<\/p>\n","protected":false},"featured_media":3977,"template":"","meta":{"_joinchat":[]},"product_cat":[21],"product_tag":[],"class_list":{"0":"post-3976","1":"product","2":"type-product","3":"status-publish","4":"has-post-thumbnail","6":"product_cat-cattelan-italia-collection","8":"first","9":"instock","10":"shipping-taxable","11":"purchasable","12":"product-type-simple"},"aioseo_notices":[],"_links":{"self":[{"href":"https:\/\/mueblesitalianos.com\/site\/wp-json\/wp\/v2\/product\/3976","targetHints":{"allow":["GET"]}}],"collection":[{"href":"https:\/\/mueblesitalianos.com\/site\/wp-json\/wp\/v2\/product"}],"about":[{"href":"https:\/\/mueblesitalianos.com\/site\/wp-json\/wp\/v2\/types\/product"}],"wp:featuredmedia":[{"embeddable":true,"href":"https:\/\/mueblesitalianos.com\/site\/wp-json\/wp\/v2\/media\/3977"}],"wp:attachment":[{"href":"https:\/\/mueblesitalianos.com\/site\/wp-json\/wp\/v2\/media?parent=3976"}],"wp:term":[{"taxonomy":"product_cat","embeddable":true,"href":"https:\/\/mueblesitalianos.com\/site\/wp-json\/wp\/v2\/product_cat?post=3976"},{"taxonomy":"product_tag","embeddable":true,"href":"https:\/\/mueblesitalianos.com\/site\/wp-json\/wp\/v2\/product_tag?post=3976"}],"curies":[{"name":"wp","href":"https:\/\/api.w.org\/{rel}","templated":true}]}}