{"id":3985,"date":"2024-04-10T19:04:48","date_gmt":"2024-04-10T19:04:48","guid":{"rendered":"https:\/\/mueblesitalianos.com\/site\/?post_type=product&#038;p=3985"},"modified":"2024-04-10T19:08:05","modified_gmt":"2024-04-10T19:08:05","slug":"aparador-paramount","status":"publish","type":"product","link":"https:\/\/mueblesitalianos.com\/site\/producto\/aparador-paramount\/","title":{"rendered":"APARADOR PARAMOUNT"},"content":{"rendered":"<p>APARADOR PARAMOUNT, 220*50*73H, PUERTAS CRISTAL FUM\u00c8, ESTRUCTURA OP69 GRAFITO,<br \/>\nPATAS OP69 GRAFITO.<\/p>\n<p><b>Paramount<\/b>\u00a0es la expresi\u00f3n de un dise\u00f1o irreverente, pero refinado. Las puertas, que otorgan car\u00e1cter y ritmo a la estructura, est\u00e1n realizadas de cristal bomb\u00e8, gracias a experimentadas t\u00e9cnicas de elaboraci\u00f3n. Paramount es un\u00a0<strong>aparador moderno<\/strong>\u00a0que puede estar revestido con diferentes acabados, opacos o brillantes; estos \u00faltimos reflejan el ambiente alrededor, con un juego de espejos surrealista. Los refinados materiales que constituyen los estantes internos y externos y la base, evidencian que este\u00a0<strong>aparador de vidrio contempor\u00e1neo<\/strong>\u00a0es fruto de la alta calidad de la manufactura italiana.<\/p>\n","protected":false},"excerpt":{"rendered":"<p>APARADOR PARAMOUNT, 220*50*73H, PUERTAS CRISTAL FUM\u00c8, ESTRUCTURA OP69 GRAFITO,<br \/>\nPATAS OP69 GRAFITO.<\/p>\n<p><b>Paramount<\/b> es la expresi\u00f3n de un dise\u00f1o irreverente, pero refinado. Las puertas, que otorgan car\u00e1cter y ritmo a la estructura, est\u00e1n realizadas de cristal bomb\u00e8, gracias a experimentadas t\u00e9cnicas de elaboraci\u00f3n.<\/p>\n","protected":false},"featured_media":3988,"template":"","meta":{"_joinchat":[]},"product_cat":[21],"product_tag":[],"class_list":{"0":"post-3985","1":"product","2":"type-product","3":"status-publish","4":"has-post-thumbnail","6":"product_cat-cattelan-italia-collection","8":"first","9":"instock","10":"shipping-taxable","11":"purchasable","12":"product-type-simple"},"aioseo_notices":[],"_links":{"self":[{"href":"https:\/\/mueblesitalianos.com\/site\/wp-json\/wp\/v2\/product\/3985","targetHints":{"allow":["GET"]}}],"collection":[{"href":"https:\/\/mueblesitalianos.com\/site\/wp-json\/wp\/v2\/product"}],"about":[{"href":"https:\/\/mueblesitalianos.com\/site\/wp-json\/wp\/v2\/types\/product"}],"wp:featuredmedia":[{"embeddable":true,"href":"https:\/\/mueblesitalianos.com\/site\/wp-json\/wp\/v2\/media\/3988"}],"wp:attachment":[{"href":"https:\/\/mueblesitalianos.com\/site\/wp-json\/wp\/v2\/media?parent=3985"}],"wp:term":[{"taxonomy":"product_cat","embeddable":true,"href":"https:\/\/mueblesitalianos.com\/site\/wp-json\/wp\/v2\/product_cat?post=3985"},{"taxonomy":"product_tag","embeddable":true,"href":"https:\/\/mueblesitalianos.com\/site\/wp-json\/wp\/v2\/product_tag?post=3985"}],"curies":[{"name":"wp","href":"https:\/\/api.w.org\/{rel}","templated":true}]}}