{"id":4125,"date":"2024-05-14T19:24:47","date_gmt":"2024-05-14T19:24:47","guid":{"rendered":"https:\/\/mueblesitalianos.com\/site\/?post_type=product&#038;p=4125"},"modified":"2024-05-14T20:01:46","modified_gmt":"2024-05-14T20:01:46","slug":"mesa-de-centro-abaco-lacado-mate-gris-base","status":"publish","type":"product","link":"https:\/\/mueblesitalianos.com\/site\/producto\/mesa-de-centro-abaco-lacado-mate-gris-base\/","title":{"rendered":"MESA DE CENTRO, ABACO LACADO MATE GRIS BASE"},"content":{"rendered":"<p>MESA DE CENTRO, ABACO LACADO MATE GRIS BASE.<br \/>\nTOP MARMOL CALACATA. 90*90*18H CMTS<br \/>\nLa simplicidad de su dise\u00f1o esconde opciones geom\u00e9tricas y constructivas interesantes y bien calibradas, que exploran y explotan el tema del c\u00edrculo y de la simetr\u00eda. La base est\u00e1 formada por tres delgadas patas met\u00e1licas conectadas por una estructura radial que tambi\u00e9n act\u00faa como soporte del sobre que, adem\u00e1s de constituir la superficie de apoyo de la mesita, al levantarla se convierte en una pr\u00e1ctica bandeja, que se puede separar con un simple gesto. L\u00fadicas o elegantes pueden ser las combinaciones entre sobre y base, as\u00ed como m\u00faltiples y originales composiciones pueden resultar al combinar varias mesitas de la serie Abaco.<\/p>\n","protected":false},"excerpt":{"rendered":"<p>MESA DE CENTRO, ABACO LACADO MATE GRIS BASE,TOP MARMOL CALACATA. 90*90*18H CMTS<br \/>\nLa simplicidad de su dise\u00f1o esconde opciones geom\u00e9tricas y constructivas interesantes y bien calibradas, que exploran y explotan el tema del c\u00edrculo y de la simetr\u00eda.<\/p>\n","protected":false},"featured_media":4133,"template":"","meta":{"_joinchat":[]},"product_cat":[18],"product_tag":[],"class_list":{"0":"post-4125","1":"product","2":"type-product","3":"status-publish","4":"has-post-thumbnail","6":"product_cat-pianca-collection","8":"first","9":"instock","10":"shipping-taxable","11":"purchasable","12":"product-type-simple"},"aioseo_notices":[],"_links":{"self":[{"href":"https:\/\/mueblesitalianos.com\/site\/wp-json\/wp\/v2\/product\/4125","targetHints":{"allow":["GET"]}}],"collection":[{"href":"https:\/\/mueblesitalianos.com\/site\/wp-json\/wp\/v2\/product"}],"about":[{"href":"https:\/\/mueblesitalianos.com\/site\/wp-json\/wp\/v2\/types\/product"}],"wp:featuredmedia":[{"embeddable":true,"href":"https:\/\/mueblesitalianos.com\/site\/wp-json\/wp\/v2\/media\/4133"}],"wp:attachment":[{"href":"https:\/\/mueblesitalianos.com\/site\/wp-json\/wp\/v2\/media?parent=4125"}],"wp:term":[{"taxonomy":"product_cat","embeddable":true,"href":"https:\/\/mueblesitalianos.com\/site\/wp-json\/wp\/v2\/product_cat?post=4125"},{"taxonomy":"product_tag","embeddable":true,"href":"https:\/\/mueblesitalianos.com\/site\/wp-json\/wp\/v2\/product_tag?post=4125"}],"curies":[{"name":"wp","href":"https:\/\/api.w.org\/{rel}","templated":true}]}}