{"id":4219,"date":"2024-08-28T20:54:23","date_gmt":"2024-08-28T20:54:23","guid":{"rendered":"https:\/\/mueblesitalianos.com\/site\/?post_type=product&#038;p=4219"},"modified":"2024-08-28T20:54:23","modified_gmt":"2024-08-28T20:54:23","slug":"lampara-de-pie-thriller","status":"publish","type":"product","link":"https:\/\/mueblesitalianos.com\/site\/producto\/lampara-de-pie-thriller\/","title":{"rendered":"L\u00c1MPARA DE PIE THRILLER"},"content":{"rendered":"<p><b>Thriller<\/b>\u00a0es una\u00a0<strong>l\u00e1mpara de suelo moderna<\/strong>, visionaria y on\u00edrica. La libertad de interpretaci\u00f3n la convierte en un elemento decorativo que llama la atenci\u00f3n al ojo, pero que, al mismo tiempo, brinda un estilo minimalista y refinado al ambiente. Los tres altos elementos que componen esta\u00a0<strong>columna de dise\u00f1o<\/strong>\u00a0est\u00e1n unidos alrededor de la fuente luminosa, en un eterno movimiento circular. Los tri\u00e1ngulos superiores est\u00e1n orientados en diferentes direcciones, como figuras animadas que habitan en un cuento fant\u00e1stico. Thriller es un objeto \u00fanico y maravilloso que, a pesar de su nombre oscuro, puede iluminar\u00a0<strong>una sala de estar de dise\u00f1o contempor\u00e1neo<\/strong>\u00a0y elegante.<\/p>\n","protected":false},"excerpt":{"rendered":"<p><b>Thriller<\/b>\u00a0es una\u00a0<strong>l\u00e1mpara de suelo moderna<\/strong>, visionaria y on\u00edrica. La libertad de interpretaci\u00f3n la convierte en un elemento decorativo que llama la atenci\u00f3n al ojo, pero que, al mismo tiempo, brinda un estilo minimalista y refinado al ambiente.<\/p>\n","protected":false},"featured_media":4221,"template":"","meta":{"_joinchat":[]},"product_cat":[21],"product_tag":[],"class_list":{"0":"post-4219","1":"product","2":"type-product","3":"status-publish","4":"has-post-thumbnail","6":"product_cat-cattelan-italia-collection","8":"first","9":"instock","10":"shipping-taxable","11":"purchasable","12":"product-type-simple"},"aioseo_notices":[],"_links":{"self":[{"href":"https:\/\/mueblesitalianos.com\/site\/wp-json\/wp\/v2\/product\/4219","targetHints":{"allow":["GET"]}}],"collection":[{"href":"https:\/\/mueblesitalianos.com\/site\/wp-json\/wp\/v2\/product"}],"about":[{"href":"https:\/\/mueblesitalianos.com\/site\/wp-json\/wp\/v2\/types\/product"}],"wp:featuredmedia":[{"embeddable":true,"href":"https:\/\/mueblesitalianos.com\/site\/wp-json\/wp\/v2\/media\/4221"}],"wp:attachment":[{"href":"https:\/\/mueblesitalianos.com\/site\/wp-json\/wp\/v2\/media?parent=4219"}],"wp:term":[{"taxonomy":"product_cat","embeddable":true,"href":"https:\/\/mueblesitalianos.com\/site\/wp-json\/wp\/v2\/product_cat?post=4219"},{"taxonomy":"product_tag","embeddable":true,"href":"https:\/\/mueblesitalianos.com\/site\/wp-json\/wp\/v2\/product_tag?post=4219"}],"curies":[{"name":"wp","href":"https:\/\/api.w.org\/{rel}","templated":true}]}}