{"id":720,"date":"2022-10-26T22:43:59","date_gmt":"2022-10-26T22:43:59","guid":{"rendered":"https:\/\/mueblesitalianos.com\/site\/?post_type=product&#038;p=720"},"modified":"2023-10-28T04:57:29","modified_gmt":"2023-10-28T04:57:29","slug":"kay","status":"publish","type":"product","link":"https:\/\/mueblesitalianos.com\/site\/producto\/kay\/","title":{"rendered":"KAY"},"content":{"rendered":"<p>Elegantes y longil\u00edneas, las sillas\u00a0<b>Kay<\/b>\u00a0se realizan con materiales refinados que confieren a cada ambiente un aire de sofisticaci\u00f3n. Una glamurosa colchadura romboidal embellece la parte trasera del respaldo de la\u00a0<strong>silla acolchada<\/strong>\u00a0<b>Kay Couture<\/b>. Refinados detalles textiles interact\u00faan con una ergonom\u00eda estudiada para acoger el cuerpo a fin de lograr la m\u00e1xima comodidad. La estructura de esta\u00a0<strong>silla de dise\u00f1o<\/strong>\u00a0es de acero completamente revestida con refinados y suaves materiales, en una delicada paleta de colores.<\/p>\n","protected":false},"excerpt":{"rendered":"<p>Silla con estructura en acero tapizada y completamente revestida en tejido, ecopiel, synthetic nubuck, micro nubuck o piel seg\u00fan muestrario. El tapizado no es desenfundable.<\/p>\n","protected":false},"featured_media":1109,"template":"","meta":{"_joinchat":[]},"product_cat":[21],"product_tag":[],"class_list":{"0":"post-720","1":"product","2":"type-product","3":"status-publish","4":"has-post-thumbnail","6":"product_cat-cattelan-italia-collection","8":"first","9":"instock","10":"shipping-taxable","11":"purchasable","12":"product-type-simple"},"aioseo_notices":[],"_links":{"self":[{"href":"https:\/\/mueblesitalianos.com\/site\/wp-json\/wp\/v2\/product\/720","targetHints":{"allow":["GET"]}}],"collection":[{"href":"https:\/\/mueblesitalianos.com\/site\/wp-json\/wp\/v2\/product"}],"about":[{"href":"https:\/\/mueblesitalianos.com\/site\/wp-json\/wp\/v2\/types\/product"}],"wp:featuredmedia":[{"embeddable":true,"href":"https:\/\/mueblesitalianos.com\/site\/wp-json\/wp\/v2\/media\/1109"}],"wp:attachment":[{"href":"https:\/\/mueblesitalianos.com\/site\/wp-json\/wp\/v2\/media?parent=720"}],"wp:term":[{"taxonomy":"product_cat","embeddable":true,"href":"https:\/\/mueblesitalianos.com\/site\/wp-json\/wp\/v2\/product_cat?post=720"},{"taxonomy":"product_tag","embeddable":true,"href":"https:\/\/mueblesitalianos.com\/site\/wp-json\/wp\/v2\/product_tag?post=720"}],"curies":[{"name":"wp","href":"https:\/\/api.w.org\/{rel}","templated":true}]}}