{"id":744,"date":"2022-10-12T23:27:49","date_gmt":"2022-10-12T23:27:49","guid":{"rendered":"https:\/\/mueblesitalianos.com\/site\/?post_type=product&#038;p=744"},"modified":"2022-10-21T14:00:54","modified_gmt":"2022-10-21T14:00:54","slug":"bora-bora","status":"publish","type":"product","link":"https:\/\/mueblesitalianos.com\/site\/producto\/bora-bora\/","title":{"rendered":"BORA BORA"},"content":{"rendered":"<p>Las\u00a0<strong>mesas de dise\u00f1o<\/strong>\u00a0Cattelan Italia son muebles sensacionales que hacen de su\u00a0<strong>comedor moderno<\/strong>\u00a0un lugar extremadamente atractivo y original.\u00a0<b>Bora Bora<\/b>\u00a0es una\u00a0<strong>mesa moderna\u00a0<\/strong>dise\u00f1ada por Giorgio Cattelan, que cuenta con una base escultural de aluminio y un refinado sobre de madera que brindar\u00e1 un toque distinguido a su hogar. Esta\u00a0<strong>moderna mesa redonda de madera<\/strong>\u00a0se realiza con materiales de elevada calidad y con la m\u00e1xima atenci\u00f3n a los detalles, que caracterizan a la elaboraci\u00f3n italiana. Para garantizar mayor confort, se encuentra disponible la\u00a0<strong>bandeja giratoria<\/strong>\u00a0<b>Lazy Susan<\/b>\u00a0que permite cautivar y mimar a sus hu\u00e9spedes, con gran elegancia y practicidad.<\/p>\n","protected":false},"excerpt":{"rendered":"<p>Mesa con base en aluminio barnizado gofrado graphite<\/p>\n","protected":false},"featured_media":1116,"template":"","meta":{"_joinchat":[]},"product_cat":[21],"product_tag":[],"class_list":{"0":"post-744","1":"product","2":"type-product","3":"status-publish","4":"has-post-thumbnail","6":"product_cat-cattelan-italia-collection","8":"first","9":"outofstock","10":"shipping-taxable","11":"purchasable","12":"product-type-simple"},"aioseo_notices":[],"_links":{"self":[{"href":"https:\/\/mueblesitalianos.com\/site\/wp-json\/wp\/v2\/product\/744","targetHints":{"allow":["GET"]}}],"collection":[{"href":"https:\/\/mueblesitalianos.com\/site\/wp-json\/wp\/v2\/product"}],"about":[{"href":"https:\/\/mueblesitalianos.com\/site\/wp-json\/wp\/v2\/types\/product"}],"wp:featuredmedia":[{"embeddable":true,"href":"https:\/\/mueblesitalianos.com\/site\/wp-json\/wp\/v2\/media\/1116"}],"wp:attachment":[{"href":"https:\/\/mueblesitalianos.com\/site\/wp-json\/wp\/v2\/media?parent=744"}],"wp:term":[{"taxonomy":"product_cat","embeddable":true,"href":"https:\/\/mueblesitalianos.com\/site\/wp-json\/wp\/v2\/product_cat?post=744"},{"taxonomy":"product_tag","embeddable":true,"href":"https:\/\/mueblesitalianos.com\/site\/wp-json\/wp\/v2\/product_tag?post=744"}],"curies":[{"name":"wp","href":"https:\/\/api.w.org\/{rel}","templated":true}]}}