{"id":888,"date":"2022-10-13T16:12:35","date_gmt":"2022-10-13T16:12:35","guid":{"rendered":"https:\/\/mueblesitalianos.com\/site\/?post_type=product&#038;p=888"},"modified":"2022-11-10T22:05:57","modified_gmt":"2022-11-10T22:05:57","slug":"mirage","status":"publish","type":"product","link":"https:\/\/mueblesitalianos.com\/site\/producto\/mirage\/","title":{"rendered":"Mirage"},"content":{"rendered":"<p>Espejo de pared con marco trasero de aluminio acabado brillo. El espejo est\u00e1 disponible en una amplia gama de tama\u00f1os y ofrece varias soluciones de personalizaci\u00f3n. Posibilidad de colgar en vertical u horizontal<\/p>\n","protected":false},"excerpt":{"rendered":"<p>ESPEJO DE PARED<\/p>\n","protected":false},"featured_media":1151,"template":"","meta":{"_joinchat":[]},"product_cat":[20],"product_tag":[],"class_list":{"0":"post-888","1":"product","2":"type-product","3":"status-publish","4":"has-post-thumbnail","6":"product_cat-fiam-collection","8":"first","9":"outofstock","10":"shipping-taxable","11":"purchasable","12":"product-type-simple"},"aioseo_notices":[],"_links":{"self":[{"href":"https:\/\/mueblesitalianos.com\/site\/wp-json\/wp\/v2\/product\/888","targetHints":{"allow":["GET"]}}],"collection":[{"href":"https:\/\/mueblesitalianos.com\/site\/wp-json\/wp\/v2\/product"}],"about":[{"href":"https:\/\/mueblesitalianos.com\/site\/wp-json\/wp\/v2\/types\/product"}],"wp:featuredmedia":[{"embeddable":true,"href":"https:\/\/mueblesitalianos.com\/site\/wp-json\/wp\/v2\/media\/1151"}],"wp:attachment":[{"href":"https:\/\/mueblesitalianos.com\/site\/wp-json\/wp\/v2\/media?parent=888"}],"wp:term":[{"taxonomy":"product_cat","embeddable":true,"href":"https:\/\/mueblesitalianos.com\/site\/wp-json\/wp\/v2\/product_cat?post=888"},{"taxonomy":"product_tag","embeddable":true,"href":"https:\/\/mueblesitalianos.com\/site\/wp-json\/wp\/v2\/product_tag?post=888"}],"curies":[{"name":"wp","href":"https:\/\/api.w.org\/{rel}","templated":true}]}}